{"id":15888,"date":"2018-08-13T18:25:47","date_gmt":"2018-08-13T18:25:47","guid":{"rendered":"https:\/\/heilpraktiker-erich-dobler.de\/?page_id=15888"},"modified":"2018-08-13T18:35:11","modified_gmt":"2018-08-13T18:35:11","slug":"impressum","status":"publish","type":"page","link":"https:\/\/heilpraktiker-erich-dobler.de\/?page_id=15888","title":{"rendered":"Impressum"},"content":{"rendered":"<h1>Impressum<\/h1>\n<p>&nbsp;<\/p>\n<p>Heilpraktiker Erich Dobler,<br \/>\nebenfalls Verantwortlicher f\u00fcr den Inhalt der Homepage nach \u00a7 55 Abs. 2 RStV<br \/>\nKurallee 22, 94072 Bad F\u00fcssing<br \/>\nTelefon: 08531-980606<br \/>\nTelefax: 08531-980607<br \/>\nEmail: <a href=\"mailto:e.dobler@t-online.de\">e.dobler@t-online.de<\/a><\/p>\n<p>Gesetzliche Berufsbezeichnung: Heilpraktiker (verliehen in der Bundesrepublik Deutschland)<br \/>\nZust\u00e4ndige Aufsichtsbeh\u00f6rde: Gesundheitsamt Passau, Passauer Stra\u00dfe 33, 94081 F\u00fcrstenzell<br \/>\nBerufsrechtliche Regelungen: Gesetz \u00fcber die berufsm\u00e4\u00dfige Aus\u00fcbung der Heilkunde ohne \u00e4rztliche Bestallung (Heilpraktikergesetz) und Durchf\u00fchrungsverordnung:<br \/>\nNachzulesen im Internet unter<br \/>\n<a href=\"http:\/\/www.gesetze-im-internet.de\/heilprg\/index.html\">http:\/\/www.gesetze-im-internet.de\/heilprg\/index.html<\/a> und<br \/>\n<a href=\"http:\/\/www.gesetze-im-internet.de\/heilprgdv_1\/index.html\">http:\/\/www.gesetze-im-internet.de\/heilprgdv_1\/index.html<\/a> oder<br \/>\n<a href=\"http:\/\/freieheilpraktiker.com\/Patienteninfo\/\">http:\/\/freieheilpraktiker.com\/Patienteninfo\/<\/a>\u00a0Heilpraktikergesetz<\/p>\n<p>Berufsverbandsmitgliedschaft in: Fachverband Deutscher Heilpraktiker e. V.<br \/>\nBerufsordnung: Nachzulesen im Internet unter&#8230;<br \/>\nHeilkundliche T\u00e4tigkeit ist von der Umsatzsteuer nach gem\u00e4\u00df \u00a7 4 Nr.14 UStG befreit.<\/p>\n<p>&nbsp;<\/p>\n<p>&nbsp;<\/p>\n<h3>Streitschlichtung<\/h3>\n<p>Die Europ\u00e4ische Kommission stellt eine Plattform zur Online-Streitbeilegung (OS) bereit: <a href=\"https:\/\/ec.europa.eu\/consumers\/odr\" target=\"_blank\" rel=\"noopener\">https:\/\/ec.europa.eu\/consumers\/odr<\/a>.<br \/>\nUnsere E-Mail-Adresse finden Sie oben im Impressum.<\/p>\n<p>Wir sind nicht bereit oder verpflichtet, an Streitbeilegungsverfahren vor einer Verbraucherschlichtungsstelle teilzunehmen.<\/p>\n<h3>Haftung f\u00fcr Inhalte<\/h3>\n<p>Als Diensteanbieter sind wir f\u00fcr eigene Inhalte auf diesen Seiten nach den allgemeinen Gesetzen verantwortlich. Als Diensteanbieter jedoch nicht verpflichtet, \u00fcbermittelte oder gespeicherte fremde Informationen zu \u00fcberwachen oder nach Umst\u00e4nden zu forschen, die auf eine rechtswidrige T\u00e4tigkeit hinweisen.<\/p>\n<p>Verpflichtungen zur Entfernung oder Sperrung der Nutzung von Informationen nach den allgemeinen Gesetzen bleiben hiervon unber\u00fchrt. Eine diesbez\u00fcgliche Haftung ist jedoch erst ab dem Zeitpunkt der Kenntnis einer konkreten Rechtsverletzung m\u00f6glich. Bei Bekanntwerden von entsprechenden Rechtsverletzungen werden wir diese Inhalte umgehend entfernen.<\/p>\n<h3>Haftung f\u00fcr Links<\/h3>\n<p>Unser Angebot enth\u00e4lt Links zu externen Websites Dritter, auf deren Inhalte wir keinen Einfluss haben. Deshalb k\u00f6nnen wir f\u00fcr diese fremden Inhalte auch keine Gew\u00e4hr \u00fcbernehmen. F\u00fcr die Inhalte der verlinkten Seiten ist stets der jeweilige Anbieter oder Betreiber der Seiten verantwortlich. Die verlinkten Seiten wurden zum Zeitpunkt der Verlinkung auf m\u00f6gliche Rechtsverst\u00f6\u00dfe \u00fcberpr\u00fcft. Rechtswidrige Inhalte waren zum Zeitpunkt der Verlinkung nicht erkennbar.<\/p>\n<p>Eine permanente inhaltliche Kontrolle der verlinkten Seiten ist jedoch ohne konkrete Anhaltspunkte einer Rechtsverletzung nicht zumutbar. Bei Bekanntwerden von Rechtsverletzungen werden wir derartige Links umgehend entfernen.<\/p>\n<h3>Urheberrecht<\/h3>\n<p>Die durch die Seitenbetreiber erstellten Inhalte und Werke auf diesen Seiten unterliegen dem deutschen Urheberrecht. Die Vervielf\u00e4ltigung, Bearbeitung, Verbreitung und jede Art der Verwertung au\u00dferhalb der Grenzen des Urheberrechtes bed\u00fcrfen der schriftlichen Zustimmung des jeweiligen Autors bzw. Erstellers. Downloads und Kopien dieser Seite sind nur f\u00fcr den privaten, nicht kommerziellen Gebrauch gestattet.<\/p>\n<p>Soweit die Inhalte auf dieser Seite nicht vom Betreiber erstellt wurden, werden die Urheberrechte Dritter beachtet. Insbesondere werden Inhalte Dritter als solche gekennzeichnet. Sollten Sie trotzdem auf eine Urheberrechtsverletzung aufmerksam werden, bitten wir um einen entsprechenden Hinweis. Bei Bekanntwerden von Rechtsverletzungen werden wir derartige Inhalte umgehend entfernen.<\/p>","protected":false},"excerpt":{"rendered":"<p>Impressum &nbsp; Heilpraktiker Erich Dobler, ebenfalls Verantwortlicher f\u00fcr den Inhalt der Homepage nach \u00a7 55 Abs. 2 RStV Kurallee 22, 94072 Bad F\u00fcssing Telefon: 08531-980606 Telefax: 08531-980607 Email: e.dobler@t-online.de Gesetzliche Berufsbezeichnung: Heilpraktiker (verliehen in der Bundesrepublik Deutschland) Zust\u00e4ndige Aufsichtsbeh\u00f6rde: Gesundheitsamt Passau, Passauer Stra\u00dfe 33, 94081 F\u00fcrstenzell Berufsrechtliche Regelungen: Gesetz \u00fcber die berufsm\u00e4\u00dfige Aus\u00fcbung der Heilkunde&hellip;<\/p>\n","protected":false},"author":1,"featured_media":0,"parent":0,"menu_order":0,"comment_status":"closed","ping_status":"closed","template":"","meta":[],"_links":{"self":[{"href":"https:\/\/heilpraktiker-erich-dobler.de\/index.php?rest_route=\/wp\/v2\/pages\/15888"}],"collection":[{"href":"https:\/\/heilpraktiker-erich-dobler.de\/index.php?rest_route=\/wp\/v2\/pages"}],"about":[{"href":"https:\/\/heilpraktiker-erich-dobler.de\/index.php?rest_route=\/wp\/v2\/types\/page"}],"author":[{"embeddable":true,"href":"https:\/\/heilpraktiker-erich-dobler.de\/index.php?rest_route=\/wp\/v2\/users\/1"}],"replies":[{"embeddable":true,"href":"https:\/\/heilpraktiker-erich-dobler.de\/index.php?rest_route=%2Fwp%2Fv2%2Fcomments&post=15888"}],"version-history":[{"count":6,"href":"https:\/\/heilpraktiker-erich-dobler.de\/index.php?rest_route=\/wp\/v2\/pages\/15888\/revisions"}],"predecessor-version":[{"id":15897,"href":"https:\/\/heilpraktiker-erich-dobler.de\/index.php?rest_route=\/wp\/v2\/pages\/15888\/revisions\/15897"}],"wp:attachment":[{"href":"https:\/\/heilpraktiker-erich-dobler.de\/index.php?rest_route=%2Fwp%2Fv2%2Fmedia&parent=15888"}],"curies":[{"name":"wp","href":"https:\/\/api.w.org\/{rel}","templated":true}]}}